809
In base 10, what is 79 + 4803?
4882
In base 6, what is -324 - 154031?
-154355
In base 12, what is 2240b7 - -3?
2240ba
In base 2, what is -10111111011001011011010 + -11?
-10111111011001011011101
In base 7, what is -5462 - -3200?
-2262
In base 7, what is 5 + 115432?
115440
In base 4, what is 1101 + -1102?
-1
In base 6, what is 20112 - 2411?
13301
In base 9, what is 183 + -31445?
-31252
In base 3, what is -100 - 20002100110?
-20002100210
In base 14, what is 32c0 - -c?
32cc
In base 10, what is -130 - 27?
-157
In base 7, what is -6402320 - -4?
-6402313
In base 4, what is -3 + -2231020103?
-2231020112
In base 16, what is -8da + -66?
-940
In base 13, what is -2680b - -2?
-26809
In base 4, what is -232002 + -123?
-232131
In base 11, what is -2 + 191725?
191723
In base 2, what is -1010 + 1001111100100?
1001111011010
In base 7, what is -24242 + 0?
-24242
In base 5, what is -1411 - 21141?
-23102
In base 3, what is 10022102 + -1?
10022101
In base 2, what is -1011 - 11100101111001111?
-11100101111011010
In base 4, what is 1 + 31120020?
31120021
In base 3, what is -10111100220 - 12?
-10111101002
In base 5, what is 2042240 + -21?
2042214
In base 6, what is 51355101 - 11?
51355050
In base 4, what is -202 + -31112011?
-31112213
In base 8, what is 167505 + -14?
167471
In base 9, what is -16 + -15636?
-15653
In base 6, what is 12 - -25003?
25015
In base 7, what is -526441 + 21?
-526420
In base 15, what is 147d - -6?
1484
In base 13, what is -2 - 140ab?
-140b0
In base 10, what is 1 + -4879?
-4878
In base 7, what is 1330 - 4561?
-3231
In base 16, what is -4 - -15f6?
15f2
In base 2, what is -10000011000100 + -10010?
-10000011010110
In base 9, what is 3 + 134678?
134682
In base 3, what is -1121000110 - -2122?
-1120220211
In base 9, what is 4 + -22655?
-22651
In base 12, what is -23 - 2b21?
-2b44
In base 16, what is 5 - 244b?
-2446
In base 4, what is -1 - 300002?
-300003
In base 11, what is -6 - -1190?
1185
In base 8, what is 106 + 103?
211
In base 6, what is -5 - -1103451?
1103442
In base 2, what is -10101000001101111000 + 1010?
-10101000001101101110
In base 5, what is 14134303 - -100?
14134403
In base 13, what is 3109a + -5?
31095
In base 11, what is 5 - 4670?
-4666
In base 4, what is 203213320 - -2?
203213322
In base 16, what is 2 + 187b3?
187b5
In base 5, what is -1120432 - 3?
-1120440
In base 3, what is 2010002121 - -1211?
2010011102
In base 2, what is -1001100111111 + 100?
-1001100111011
In base 14, what is 46ab - 89?
4622
In base 10, what is -81 - -4537?
4456
In base 13, what is -25b - -26b?
10
In base 13, what is -39 - -1c3a?
1c01
In base 13, what is -9c - 201?
-2a0
In base 13, what is -20952c - 5?
-209534
In base 15, what is -6 - -250a?
2504
In base 14, what is a - c9b0?
-c9a4
In base 3, what is 12002122012 - -20?
12002122102
In base 3, what is -220011012 + -2?
-220011021
In base 2, what is 100011010101010 + -1000?
100011010100010
In base 11, what is 27 + -49658?
-49631
In base 16, what is -ca8 + 4aa?
-7fe
In base 12, what is 5a + -128?
-8a
In base 3, what is -2 - 110122011?
-110122020
In base 3, what is 102221011 + -102?
102220202
In base 5, what is 1044134 - -1104?
1100243
In base 8, what is 1440 - -1430?
3070
In base 9, what is 0 - 121845?
-121845
In base 3, what is -201121020210 + -10?
-201121020220
In base 8, what is 35103 - 5?
35076
In base 16, what is 369a37 - -2?
369a39
In base 16, what is 3a - -799?
7d3
In base 8, what is -3426 - -514?
-2712
In base 15, what is -5e5d - -2?
-5e5b
In base 14, what is -5 - 2dc4?
-2dc9
In base 9, what is 143 + 2617?
2761
In base 3, what is -20 - -1011001001?
1011000211
In base 7, what is -5 - 105653?
-105661
In base 3, what is -1201020000 + 10?
-1201012220
In base 4, what is 13 + -1202230021?
-1202230002
In base 12, what is 886 - -6?
890
In base 4, what is 200020 - 23?
133331
In base 4, what is -32130 - -1302?
-30222
In base 7, what is -62 - -35153?
35061
In base 11, what is -29616 + -4?
-2961a
In base 2, what is 1 + 10000111011101?
10000111011110
In base 8, what is -24 + 1430?
1404
In base 6, what is 30 - 254511?
-254441
In base 15, what is 1ae8 + -8?
1ae0
In base 2, what is 101001011100 + 110010?
101010001110
In base 3, what is 1122020 + 211120?
2110210
In base 4, what is -12 - 113?
-131
In base 8, what is -21224 - -67?
-21135
In base 3, what is -21 + 12220021120?
12220021022
In base 15, what is 5 + -13b60?
-13b5a
In base 9, what is 10577 + 133?
10721
In base 11, what is 38 + -13a25?
-13998
In base 3, what is -2 + 12?
10
In base 16, what is 33 + acf?
b02
In base 4, what is -3 + -12333023?
-12333032
In base 7, what is -210522 - 5?
-210530
In base 8, what is 152603 + 10?
152613
In base 7, what is -33311634 - 3?
-33311640
In base 5, what is 40 + 210403?
210443
In base 14, what is -24447 - 2?
-24449
In base 2, what is -100 - 11011011101010010?
-11011011101010110
In base 7, what is 244 + 23?
300
In base 11, what is 42 - -31044?
31086
In base 2, what is 110 + -111101011101111?
-111101011101001
In base 11, what is 1895 - 1a?
1876
In base 13, what is -9 + -1283?
-128c
In base 16, what is -33f2d + 2?
-33f2b
In base 4, what is 1001 + 12123?
13130
In base 5, what is 2201303 + -3?
2201300
In base 6, what is -14250 - -123?
-14123
In base 14, what is -6 + 2c43?
2c3b
In base 14, what is 30d - -130?
43d
In base 14, what is 86 + b7?
15d
In base 4, what is -12232 - 22210?
-101102
In base 7, what is 1124535 - 20?
1124515
In base 16, what is 3 - -a484?
a487
In base 2, what is 100 + -101010011101100?
-101010011101000
In base 11, what is -73 - 2207?
-227a
In base 6, what is 244 + -341?
-53
In base 2, what is 110110100011 + 10100?
110110110111
In base 2, what is -111100001000100 - 0?
-111100001000100
In base 5, what is -124342 - 2402?
-132244
In base 11, what is -27 + -3945?
-3971
In base 4, what is 2 - -220233?
220301
In base 15, what is 3 - -244d?
2451
In base 16, what is 4 + -45c?
-458
In base 14, what is 5 + 12bbb?
12bc2
In base 4, what is -1100112132 - 21?
-1100112213
In base 14, what is -1 - -59a7b?
59a7a
In base 15, what is -4 - -b102?
b0ed
In base 10, what is -2 - -92243?
92241
In base 5, what is 11404042 - -3?
11404100
In base 5, what is 40020201 - 40?
40020111
In base 8, what is -1200671 + -5?
-1200676
In base 16, what is 4 - bd1?
-bcd
In base 14, what is -4ca + 3?
-4c7
In base 12, what is -1456bb9 - -5?
-1456bb4
In base 10, what is -79 - -332?
253
In base 14, what is 85c9 - -14?
85dd
In base 8, what is 17254 - -71?
17345
In base 8, what is -42650 + -4?
-42654
In base 13, what is -4409c + 5?
-44097
In base 12, what is -9aa0 - 5?
-9aa5
In base 4, what is 13213002 + 1?
13213003
In base 10, what is -1 - 431279?
-431280
In base 4, what is -1 - -2123001?
2123000
In base 3, what is -1 - 1020112120?
-1020112121
In base 7, what is -101 - 30602?
-31003
In base 14, what is -1 + 6b8d?
6b8c
In base 12, what is 3540 - -14?
3554
In base 10, what is 214046 - -4?
214050
In base 6, what is -4422222 + 3?
-4422215
In base 2, what is -10010100010110111110 - -101?
-10010100010110111001
In base 11, what is 19 - a3?
-85
In base 14, what is -2616 + -28?
-2640
In base 11, what is -317 + -2a5?
-611
In base 9, what is 1446 + 38?
1485
In base 2, what is -110110100111000 - 10?
-110110100111010
In base 4, what is 21331 - -21120?
103111
In base 14, what is -4 + -29271?
-29275
In base 14, what is -2 + -d18?
-d1a
In base 14, what is -3d5 + -11b3?
-15a8
In base 3, what is 1 + -12111110012?
-12111110011
In base 13, what is -9 + -2b70?
-2b79
In base 2, what is -1100110101100010 - 100?
-1100110101100110
In base 14, what is -31 + -2332?
-2363
In base 3, what is -2110220 + 110210?
-2000010
In base 5, what is 14334 - -343?
20232
In base 12, what is -145 + -56?
-19b
In base 7, what is -126 + 33426?
33300
In base 6, what is -25 - 4105?
-4134
In base 7, what is 33 + 326303?
326336
In base 12, what is 47 - 29a0a?
-29983
In base 3, what is 12 + -1112120212?
-1112120200
In base 6, what is -2 - -1312403?
1312401
In base 5, what is 331 - -3242144?
3243030
In base 9, what is -2656 + -510?
-3266
In base 2, what is 10011000110 - 110010?
10010010100
In base 9, what is -1876084 + 1?
-1876083
In base 14, what is -2928 - -8?
-2920
In base 4, what is 1 - -112301300?
112301301
In base 9, what is -5 - 12557?
-12563
In base 8, what is -1176565 - -5?
-1176560
In base 7, what is 34